 of z?
7
Let p be (-6)/15 + (-82)/(-5). Let g = -14 + p. Suppose 0 = -4*b - d + 182, -g*b - d + 100 = 4*d. What is the units digit of b?
5
Let x(r) = 2*r - 28. Suppose -q - 5 = 3*p, 41 = 3*q - 8*q + p. Let v = 11 - q. What is the tens digit of x(v)?
1
Let k(x) = -2*x. Let p be k(3). Let a(l) be the third derivative of -l**5/60 - l**4/3 - l**3/6 + 27*l**2 - 1. What is the units digit of a(p)?
1
Let h = 844 - 421. What is the tens digit of h?
2
Suppose -5*g - 2 - 38 = 0. Let a be -3*(-4)/g*-2. Suppose -l - p = -a*l + 44, 4*l - 3*p - 86 = 0. What is the units digit of l?
3
What is the hundreds digit of ((-65655)/(-36) + -11)/(9/12)?
4
Let t(c) = -c**2 - 3*c - 2. Let i be t(-2). Suppose -6*z + 4*z + 10 = i. Suppose -z*o + 175 = -35. What is the tens digit of o?
4
Suppose -988 = -9*j + 470. Suppose j + 126 = 4*r. What is the units digit of r?
2
Suppose 0 = 3*l + 2028 - 4236. What is the tens digit of l?
3
Let k = -125 - -269. What is the units digit of k?
4
Suppose 2*a - 510 = 4*w + w, 5*a + w = 1302. Suppose -k - 4*c + 118 = k, -4*k + a = 2*c. What is the units digit of k?
7
Suppose 2*j + j = 9, 3*x - 24 = -3*j. Let b be (2 + -4)*x/(-2). Suppose -3*a + 4*z + 11 = -2*a, -3*a + 54 = -b*z. What is the tens digit of a?
2
What is the hundreds digit of ((-62)/(-4))/((-27 + 16)/(-110))?
1
Suppose 5*x + 4045 = 4*o, -11*x = 2*o - 12*x - 2021. What is the units digit of o?
0
Let a = 52 - 28. Let c be (-16)/a + (-82)/(-6). Let u(y) = y**3 - 13*y**2 + 2*y - 12. What is the units digit of u(c)?
4
Let p(l) = -l**3 + 3*l + 1. Let r be p(-2). Suppose r*o - 220 + 61 = 0. What is the units digit of o?
3
Suppose 2*h + 312 = 4*n + 80, 0 = 3*h - 3*n + 342. Let g = 182 + h. What is the tens digit of g?
7
Let i = -24 - -4. Let l = i - -51. Suppose -l*g + 28*g = -60. What is the tens digit of g?
2
Let y(j) = 13*j - 7. Suppose -c - 4*c = -10. What is the units digit of y(c)?
9
Suppose 13*v - 1788 = 11*v - 2*f, -2666 = -3*v + 5*f. What is the units digit of v?
2
Let u(l) = 2313*l**2 - 26*l - 27. What is the hundreds digit of u(-1)?
3
Let r(b) = -b**2 - 16*b + 5. Let i be r(-11). Suppose 0*j + 4*j - i = 0. Suppose 0 = 5*k - j + 5. What is the units digit of k?
2
Let o(s) = 7*s**2 - 3*s + 7. Let p be o(-5). Suppose y - p = -2*d + 136, 3*d - 498 = -y. What is the hundreds digit of d?
1
Suppose m + 5*g = 9, g - 17 = -3*m + 10. Let l = -15 + m. Let p(s) = -s**2 - 8*s - 2. What is the units digit of p(l)?
0
Suppose -2241 = 31*p - 9681. What is the hundreds digit of p?
2
Let c be 6/(-21) - 5/(-70)*10658. Let u = -534 + c. What is the hundreds digit of u?
2
Let f(u) = 246*u - 573. What is the units digit of f(26)?
3
Let w(s) = 2*s**2 + 3*s - 5. Let q be w(-4). What is the hundreds digit of (3 - 51/q) + 6735/25?
2
Suppose -h + 2*x = -6*h + 5869, -4*x - 4684 = -4*h. What is the tens digit of h?
7
Let t = -1 - -22. Suppose -s - 1 = -j, s + t = -2*s - 3*j. Let b(r) = -3*r - 6. What is the units digit of b(s)?
6
Let p = 9 + -17. Let i(j) = j**3 + 6*j**2 + 9*j + 1. Let t be i(-4). What is the units digit of -14*(28/p - t)?
7
Suppose 2*a - 493 = 231. Suppose -494 = -4*u + a. What is the hundreds digit of u?
2
Let z be (6/(-4))/(3/(-4)). Suppose 4*r = -z - 6. What is the units digit of 5/r*(-2)/5?
1
Let f(a) = -10*a**3 + 2*a + 9. Let m be f(-2). Let d = 103 - m. What is the units digit of d?
8
Let v be (-22)/(-1) + (12 - 14). What is the tens digit of 2/((-24)/v)*-57?
9
Suppose 4*n = n - 3*j + 12, 0 = 2*n + j - 10. What is the units digit of 14 + -4 + (n - 3)?
3
Let f(o) = -o**3 - 12*o**2 - 14*o - 11. Let z be f(-11). Let n = -93 - -130. Let p = n - z. What is the tens digit of p?
1
Let j(c) be the first derivative of c**3/3 + 19*c**2/2 + 37*c + 7. What is the tens digit of j(-18)?
1
Suppose 6*s = 10*s + 72. What is the units digit of ((-183)/(-9))/(3*(-2)/s)?
1
Let j = 5769 + -2807. What is the thousands digit of j?
2
Let v(u) = -u**3 + 7*u**2 + 7*u - 13. Let n be v(6). Suppose -5*f + 85 = -n. What is the units digit of f?
0
Let x(s) = s**3 + 20*s**2 + 20*s + 25. Let c be x(-19). Let h = c - -46. What is the units digit of h?
2
Suppose -3*l + 6*f - 9 = 2*f, 0 = l + 5*f + 3. Let s(j) = 3*j + 7. Let k(z) = 10*z + 22. Let d(g) = -5*k(g) + 16*s(g). What is the units digit of d(l)?
8
Let w(x) = x**3 + 9*x**2 + 7*x - 5. Let u be w(-8). Suppose -u*i = -n - 174, 4*i - 3*n - 232 = -n. What is the tens digit of i?
5
Let z = 254 - -107. What is the tens digit of z?
6
Let i(n) = n**3 - 2*n**2 + 2*n + 6. Let r be i(4). Suppose 166 = 3*l + r. What is the tens digit of l?
4
Let y(v) = -11*v**2 - 15*v + 59. Let o(j) = 4*j**2 + 5*j - 20. Let n(a) = -8*o(a) - 3*y(a). Let b be n(-8). Suppose 124 = b*u + 5. What is the units digit of u?
7
What is the tens digit of 298400/128 - (9/4 + -3)?
3
Let a = 131 + -65. Suppose -t + 15 = -a. Suppose -4*v - 5 = -t. What is the units digit of v?
9
Let h = 1027 - -836. What is the units digit of h?
3
Let r be (-1 + -3)/(-1) - -1. Suppose -r*g - 228 = -1273. What is the hundreds digit of g?
2
Let d = 65 + -30. Suppose -3*y + 31 = -d. Let k = -11 + y. What is the tens digit of k?
1
Let i(c) = -4*c**3 + 4*c**2 + 27*c - 7. What is the units digit of i(-7)?
2
Suppose -4*n + 129146 = 27*n. What is the tens digit of n?
6
Let f(c) = c - 6. Let y be 10 - (3 - 7) - 1. What is the units digit of f(y)?
7
Let f(s) = -205*s - 153. What is the units digit of f(-3)?
2
Let z be (-2)/(-2) + 4/12*6. Suppose z*c - 4*v = 256, 0 = 4*c + 2*v + 3*v - 300. What is the tens digit of c?
8
Suppose 2*l - 6*l = 5*x - 32, l + 4*x - 19 = 0. Let n be (1 - -1 - 7) + 6. Let k = n + l. What is the units digit of k?
4
Let t(j) = 2*j**2 + 2*j. Let x be t(-2). Let u(q) = -11 + q**2 + q + 1 + x. What is the tens digit of u(-6)?
2
Let p(s) = 111*s - 14. What is the hundreds digit of p(14)?
5
Let j(f) = 369*f + 734. What is the units digit of j(5)?
9
Let s(v) be the second derivative of 25*v**4/12 + v**3/3 - v**2 + 20*v. What is the tens digit of s(2)?
0
Let h(l) = -l**3 - 8*l**2 - 9*l - 8. Let q be h(-6). Let p = -24 - q. What is the units digit of p?
2
What is the thousands digit of 42/(-4)*-114 + (-36)/6?
1
Suppose -s + 5*o + 224 = -0*o, 2*o = -s + 196. What is the units digit of s?
4
Let v = 82 + -80. Let m be 73/3 + 2/3. Suppose 33 = v*p - m. What is the units digit of p?
9
Suppose -2*a - 3*a + 5 = 0. Let m(d) = 2*d + 12*d - 2*d + a. What is the tens digit of m(4)?
4
What is the tens digit of 4469 + (3 - (-30)/(-3))?
6
Let y(p) = -p**3 - 7*p**2 + 10*p + 5. Let f be y(-7). Let z = -5 - f. What is the units digit of z?
0
Let f(a) = a**3 - 9*a**2 - 11*a - 5. Let u be f(9). Let c = -74 - u. What is the tens digit of c?
3
Let j = 22 + -20. Let p be (-2)/((12/21)/j). What is the units digit of -1 - -5 - 6*p?
6
Let o = 1183 - 823. What is the tens digit of o?
6
Suppose 0 = -4*c + 12 - 4. Suppose y = 7 - c. Suppose 9 = y*g - 11. What is the units digit of g?
4
Let j(n) = 5*n**2 + 4*n**2 - 2 - 2*n**2 - 5*n**2 + 2*n. Let l be j(1). Suppose -3*k + g = -33, k + g - 9 = -l. What is the units digit of k?
0
Let p be 2 + 23*(4 + -2). Suppose m + 42 = p. What is the units digit of m?
6
Suppose 3*j + 3*q = j + 20, -5*j + 12 = -2*q. Let s(r) = -r**3 + 5*r**2 - 4*r + 5. Let c be s(j). Let p = 7 - c. What is the units digit of p?
2
Let q(y) = -3*y**3 + y**2 + y. Let u(o) = o**3 + 5*o**2 + 5*o + 2. Let k be u(-4). Let c be k/(-8) - 5/4. What is the units digit of q(c)?
3
Let c(x) = 20*x + 2. Let p be c(3). Let q = 290 - 286. Suppose 4*g - 2*g - 4*w = 48, -3*g + q*w = -p. What is the units digit of g?
4
Suppose 36*u - 46*u - 860 = 0. Let a = 179 + u. What is the tens digit of a?
9
Let p(u) be the first derivative of 1/4*u**4 - u**2 + 2 + 8*u + 7/3*u**3. What is the tens digit of p(-7)?
2
Let z be (2/(-6))/(12/234)*12. What is the units digit of z/(-1) + 3/1?
1
Suppose 5*i + 2*p + 1262 = -1062, 1386 = -3*i - 4*p. What is the units digit of 1 - i/12 - 31/(-186)?
0
What is the hundreds digit of -6 + (-4466)/(-7) + -3?
6
Let d = 2100 - 1574. What is the units digit of d?
6
Suppose -3*j + 4*l = -53, 5*j + 9 = -4*l + 140. Let w = j - 8. What is the units digit of w?
5
Let b(l) be the first derivative of -19*l**4/4 - l**3/3 - 3*l**2/2 - 3*l - 55. What is the tens digit of b(-1)?
1
Let b = 1887 - -2083. What is the units digit of b?